osite number?
False
Suppose -8 = 4*f, -w + 0*f + 3*f + 8 = 0. Suppose -2*r = 4*s - w*s + 14, 4*r - s = -3. Is -2 - -3 - 44/r prime?
True
Is (373/(-3))/(2/3 - 1) prime?
True
Let w(f) = 5*f + 2. Let p be w(12). Is (p - -3) + 4/2 prime?
True
Let v(z) = 6*z + 0*z**2 - 7*z**2 - 4*z + z**3 + 4*z + 6. Let y be v(6). Is (-74)/(-3) + y/18 prime?
False
Let i = 8 - 4. Suppose 0 = -2*x - 3*w + 594, -i*w + 35 - 354 = -x. Suppose 5*y - 1093 = -x. Is y prime?
False
Let d = 9194 - 4999. Is d composite?
True
Suppose 19024 = -c + 17*c. Is c a composite number?
True
Suppose 3*l = -l + 16. Suppose -l*a + 56 - 176 = 0. Is ((-5)/3)/(2/a) composite?
True
Suppose 3*m + 770 = -3*w + 8*w, -4*m - 451 = -3*w. Is w a prime number?
True
Is 4/(-10) - 2421/(-15) composite?
True
Suppose 3*a = -0 + 6. Is (a/(-4))/(2/(-356)) a prime number?
True
Let h(l) = 150*l + 83. Is h(7) a prime number?
False
Let k(p) be the third derivative of p**6/30 + p**5/20 - p**4/12 - p**3/3 - 5*p**2. Is k(3) a prime number?
True
Suppose -4*n - 4*s = 1103 - 5339, -2104 = -2*n + 5*s. Is n a composite number?
True
Is (((-56)/(-6))/(-4))/((-1)/309) a prime number?
False
Suppose 16 = -3*y - y. Is ((-3)/y)/(2/136) composite?
True
Let r = 5 - 3. Suppose z + 37 = r*z. Is z composite?
False
Suppose -5*g + 7 = -2*q - 11, -3*g + 14 = -2*q. Suppose 3*u - 5*s = 31, -2*s + 4 = g*s. Is 114/10 + u/(-30) a composite number?
False
Let q(r) = -r**3 - 12*r**2 + 13*r + 1. Is q(-14) a prime number?
True
Suppose 3*m = -2*p, 3*m + 3*p + 0*p = 0. Let y(l) be the second derivative of l**3/6 + 19*l**2/2 + l. Is y(m) prime?
True
Let y = -45 - -47. Let x = -6 + 11. Suppose 4*o = -y*a + 126, o + x*a = -0*o + 36. Is o prime?
True
Suppose -5*m = -3*m + 10. Let h = m - -8. Suppose 0 = h*d - 4*g - 66, -1 - 21 = -d - 5*g. Is d a prime number?
False
Let i(h) = 6 - 14*h - 5*h**2 + 0*h**2 + 4*h**2. Let l be i(-12). Suppose 8*j - 3*j = l. Is j composite?
True
Let k(j) = 14*j - 5. Let l be k(7). Suppose -4*p = -2*i + i - l, -24 = -2*p - 4*i. Is p a prime number?
False
Let g = 1 + 1. Suppose -3*d - 17 = -g. Let s(a) = -4*a - 1. Is s(d) prime?
True
Suppose 0 = -y + 5*k + 12, 5*y - 27 = -k + 7. Let t(p) = 2*p**2 - 7. Is t(y) a prime number?
False
Let r(v) = v + 0*v + 4*v - 2 + v. Let p(l) = -31*l + 10. Let m(o) = -2*p(o) - 11*r(o). Is m(-3) prime?
False
Let c = -653 + 1626. Let q = c + -566. Is q prime?
False
Let x be 6/(-3) + 2 - 12. Let r = x - -20. Suppose -3*v - 125 = -r*v. Is v prime?
False
Suppose 0 = g - 4*g + 1758. Is g a prime number?
False
Let q be (201/(-2))/(4/8). Let g(m) = -40*m**2 + 2*m + 4. Let h be g(3). Let r = q - h. Is r composite?
False
Let j = 3 - -10. Is j/26 - (-297)/2 composite?
False
Suppose 4*l + 1 = -4*t + 25, 3*l = -5*t + 26. Is 1 + 10 + 6/l composite?
True
Let a(r) = -5*r**2 + 2*r**2 + 2*r**2 + 12*r**3. Is a(1) prime?
True
Suppose -5*w + 24 + 6 = 0. Let m = w - -1. Is m prime?
True
Let h = 3480 - -1835. Is h a composite number?
True
Is 14127/21 + 22/77 prime?
True
Suppose -49 = 5*a - 124. Is a composite?
True
Let t = 14 - -8. Is t a prime number?
False
Let h = 5 + -6. Let j be 1*(4 - (h - -3)). Suppose -n = 5*u - 13, 0 = -j*u - 4 - 0. Is n composite?
False
Let w(i) = i + 1. Let s be w(2). Suppose 5*c = u - 89, s*u - 3*c + 8*c - 187 = 0. Is u prime?
False
Let g(n) = n**2 + 6*n - 4. Let l(a) = -2*a - 1. Let i be l(3). Let h be g(i). Suppose -48 = -h*j + 9. Is j a composite number?
False
Suppose -79 = -0*y - y + 4*f, 0 = -5*y - 4*f + 323. Is y composite?
False
Let c be (-4)/22 + 10/55. Let g(t) = -t + 21. Is g(c) composite?
True
Suppose 0 = -5*h + 25, 0*b + 1745 = 3*b - 5*h. Suppose -4*j + b = j. Is j prime?
False
Let x be -2 - (1 + 3)*-3. Suppose 3*w = 5*w + 4*c - 146, 0 = 2*c - x. Let d = w - 38. Is d prime?
False
Suppose 0 = -0*b + 2*b - 6, 3*b = -2*k + 251. Suppose -765 = -4*x - k. Is x a composite number?
True
Is 259 - (0 + -3) - 3 a prime number?
False
Let j(r) = r**2 - 12*r - 3. Is j(-8) a composite number?
False
Suppose f - 14 = 2*c - 6*c, -4*f = -4*c - 36. Is (f/8)/((-1)/(-92)) a prime number?
False
Suppose 3*a = 5*r - 27895, 2*r = -a - 4043 + 15201. Is r a prime number?
False
Let o = -5 + 9. Suppose 4*x + 97 - 415 = -2*s, o*x - 303 = 3*s. Let z = x + -23. Is z prime?
False
Let o(t) = t**3 - t**2 - 1. Let g be o(2). Suppose a = q + 144, -a - a = g*q - 313. Is a a composite number?
False
Is (-15 + -5)/(-4) + 7338 composite?
True
Let b(v) = -v**3 + 10*v**2 - 10*v + 11. Let n be b(9). Let a be (3 + n)/(2 - 1). Suppose -a*p + 279 = -2*p. Is p a prime number?
False
Let c be -3 + 2 - (-6)/2. Let x be (8/6)/(c/3). Is (-2)/x + (2 - -34) a composite number?
True
Let l(f) = 9*f**2 + f + 3. Is l(-5) a prime number?
True
Suppose -54*k + 56*k - 170 = 0. Is k composite?
True
Let b(n) = 15*n - 27*n**2 + 4 + 19*n**2 - 2*n - n**3. Is b(-10) a prime number?
False
Suppose 5*m = -2*r - 15, -m + 4*m + 9 = -5*r. Suppose 5*p = 3*p + 6. Suppose p*l - 84 - 15 = r. Is l composite?
True
Let l = -732 + 2473. Is l a prime number?
True
Let p(j) be the first derivative of 9*j**3 - 19*j**2/2 + 4*j + 1. Let f(g) = -9*g**2 + 6*g - 1. Let m(d) = -7*f(d) - 2*p(d). Is m(4) prime?
True
Let g be 39*(2 - (-4 - 0)). Suppose -17 = 5*k + 4*j - 67, 3*j - 40 = -4*k. Is g/k - 2/5 a prime number?
True
Let g be 2/(-3) - (-1604)/12. Let i = 200 - g. Is i prime?
True
Is (-12)/(-3)*159/12 composite?
False
Let f(m) = 192*m - 25. Is f(2) a prime number?
True
Let x(u) = 6*u**3 + 6*u**2 - 6*u - 1. Is x(8) prime?
True
Suppose 0*t = 3*t - 1257. Is t composite?
False
Let r = -2525 - -3802. Is r prime?
True
Let g = 1747 + -2453. Let z = -473 - g. Is z prime?
True
Let s = 32 + 61. Is s a composite number?
True
Let p = -3186 - -8273. Is p prime?
True
Let s be 18/(-8)*32/(-12). Suppose -s*x + x - 75 = 0. Let r = x + 50. Is r a prime number?
False
Suppose -2*b = -5*y + 296, 0*y - y = -3*b - 67. Is y prime?
False
Let h = 1 + -4. Let s be h + 47 - (-2)/(-1). Suppose 3*u - a = s, -4*u + 5*a = -63 + 18. Is u prime?
False
Let h be -1*(0/2 - 292). Suppose 3*b - b - 3*l - h = 0, -5*b - 3*l + 751 = 0. Is b prime?
True
Let n(b) = -b**2 + 2*b - 1. Let f be n(1). Suppose 6*l - l - 40 = f. Suppose 4*w + 5*p = 81, -2*p - l = 4*w - 74. Is w prime?
False
Suppose -3*d + 1367 = 380. Is d prime?
False
Let s(o) = 7*o - 6. Let d be s(4). Suppose -2*w = -2 - 4. Let q = d + w. Is q a composite number?
True
Let d(f) = -14 - 6*f - 5*f + f + 7. Is d(-11) prime?
True
Let s(m) = 42*m**2 + 11*m + 3. Is s(4) prime?
True
Let k = -7 - 5. Let x be (4/k)/((-1)/6). Suppose x*g - 154 = -0*g. Is g a composite number?
True
Suppose 2*a = -3*o + 178, -2*o - 2*o = 2*a - 178. Is a prime?
True
Suppose 0 = -6*c + 4*c + 2. Let d(w) = 10*w**2 + 2*w + 1. Let v be d(-1). Suppose r - v = -4*a + c, -2*r + 4*a = -32. Is r a composite number?
True
Suppose -4*o - 620 = -208. Suppose -130 = -2*b + 302. Let c = b + o. Is c a composite number?
False
Let z be 1/2*6/(-1). Let h = 6 + z. Suppose -23 = -3*y - n + 36, 0 = -h*y + n + 67. Is y a prime number?
False
Let k be ((-4)/3)/(2/(-3)). Let s = k + -2. Suppose s = h + 1, 2*b = -0*h - 2*h + 132. Is b prime?
True
Suppose -314 = -6*o + o - 4*y, 2*y = -4*o + 250. Let g = o - -35. Is g a composite number?
False
Let y(f) = -6*f**2 - 2*f + 1. Let t be y(1). Let i(g) be the first derivative of -5*g**2/2 + 1. Is i(t) a composite number?
True
Let x = 6 - 1. Let w be 1/2 - 290/(-20). Suppose j = -2*h + 48, 0 = -h - x*j + w - 0. Is h a composite number?
True
Suppose 5606 = 7*i - 3*i - 5*n, 0 = -3*i + n + 4199. Is i a composite number?
False
Suppose -3*a + 5015 = 14*a. Is a composite?
True
Let g = 7 - 4. Let s be g/(45/(-138))*-5. Let j = s + -13. Is j composite?
True
Let k = 10 + -2. Is 59 - (-4 + k)/2 composite?
True
Let b = -6 + 8. Suppose b*x - 4*x = -6. Is x composite?
False
Let y(j) = 3*j**2 - 2*j - 2. Let v = -5 + 0. Is y(v) a composite number?
False
Let j(b) be the first derivative of -b**4/4 + 11*b**3/3 - 3*b**2 + 3*b - 2. Is j(5) composite?
True
Let b(w) = -w**3 + 5*w**2 - 2*w - 3. Let a be 8/((-2)/(-1)) + -9. Is b(a) prime?
True
Let u(r) = r**2 + 5*r + 5. Let h(c) = c**3 + 7*c**2 + 7*c + 1. Let o be h(-6). Let q be u(o). Suppose 0 = -2*i + 7*i + 5, q*a - 601 = -4*i. Is a a prime number?
False
Suppose 4 = 5*o - 1. Let n be 3/(-2) + (-14)/(-4). Is (1 - n)*(-54 + o) a prim